et h(w) = w**3 - 3*w**2 + 3*w + 4. List the prime factors of h(4).
2
Let g(j) = 17*j + 32. List the prime factors of g(5).
3, 13
Let x = 13 + -8. Suppose -5 = x*w, 0*k = 5*k + 5*w - 30. What are the prime factors of k?
7
Suppose -195 = -i - 2*i. List the prime factors of i.
5, 13
Suppose -18*i + 14*i = -160. List the prime factors of i.
2, 5
Let n(i) = -i**2 + 10*i - 12. Let r be n(8). Suppose r*g + 156 = 5*y, 0 = -3*y - 3*g - 0*g + 99. Suppose y = 5*h - h. What are the prime factors of h?
2
Let k(r) = -r**2 + 11*r + 6. Let j be k(11). Suppose 3*t + 4*x - 8 = 13, -2*t - j = -4*x. Suppose -t*m + 25 = -41. List the prime factors of m.
2, 11
Let v be (-2)/((-7)/(2436/8)). Let g = v + -44. List the prime factors of g.
43
Let c = -34 + 24. List the prime factors of 51/7 - c/(-35).
7
Suppose -367 = -2*u + 5*i, 4*u + 4*i - 937 = -217. What are the prime factors of u?
181
Suppose 5*r + 21 = 2*s, -5*s + r + r + 105 = 0. Let i = s - 14. What are the prime factors of i?
3
Suppose -4*l - u = 12, -4*l = -4*u + 19 - 7. Let q(z) = -2*z**3 - 2*z**2 + 3*z - 4. List the prime factors of q(l).
23
Let u(y) = -y - 7. What are the prime factors of u(-13)?
2, 3
Suppose 29 = y + 3*x, -y - 4*y - 2*x = -145. What are the prime factors of y?
29
Let k(w) = 52*w**2 - w. Suppose 0 = 3*u, -4*n - 5*u + 2 = -2. Let v be k(n). Suppose 25 = 4*o - v. List the prime factors of o.
19
Let a(m) = m - 7. Let g = 12 + -6. Let x be a(g). What are the prime factors of (-3)/x*8/6?
2
Let o(c) = c**2 + 7*c + 9. What are the prime factors of o(-6)?
3
Let y = -1 + 10. Let d = 16 - y. What are the prime factors of d?
7
Let p be (-1 - -2)*(-5 + 10). Suppose -2*k + 7 = -j + 20, j - p*k - 19 = 0. What are the prime factors of j?
3
Suppose 5 = 2*j + 3*j. Suppose -q - q = 5*r - j, 2*r + 6 = 0. What are the prime factors of q?
2
Let m(p) be the third derivative of p**6/360 + p**5/120 + p**4/8 + 4*p**2. Let f(o) be the second derivative of m(o). What are the prime factors of f(3)?
7
Suppose -15*u = -12*u - 123. List the prime factors of u.
41
Let x = 9 - -2. List the prime factors of x.
11
Let j = 7 + -7. Suppose 3*u + 0*l + 4*l - 46 = 0, j = u + 2*l - 14. What are the prime factors of u?
2, 3
Let a be (2 - -5)/((-1)/(-2)). Let n = a - 12. What are the prime factors of n?
2
Suppose -5*s = -3*t - 15, 5*s - t - t = 15. Suppose 5*j - 5*x = -2*x + 27, -s*x = 5*j - 3. What are the prime factors of j?
3
Suppose -2*d + 5*o = 3, 0 = -2*d + 3*o + 4 + 3. Let p = -26 - -31. Let q = d - p. List the prime factors of q.
2, 3
Let w(q) = -q**3 - q**2 - 2*q - 3. Suppose 0 = -2*a + a - 2. What are the prime factors of w(a)?
5
What are the prime factors of -1 + 2 + (-5)/((-15)/249)?
2, 3, 7
Let v be (-19)/(-2) - 3/6. Let y be 224/(-36) - (-2)/v. Let o = -4 - y. List the prime factors of o.
2
Let a(i) = i**2 + 8*i + 5. Let w be a(-8). Let p(l) = 0*l + 0 + 3 - w*l + 4*l. List the prime factors of p(-7).
2, 5
Let o(y) = -y**3 - 2*y**2 + 2. Let r be o(-2). Suppose -7*i + i + 252 = 0. List the prime factors of i/11 + r/11.
2
Let t(c) = -3*c + 0*c + 1 + 2*c. Let f be t(-8). Let g = f + 0. List the prime factors of g.
3
Suppose -2*y = -o - 35, 0 = -y - 3*o + o + 15. List the prime factors of y.
17
Suppose -20*g = -15*g - 90. What are the prime factors of g?
2, 3
Let s(r) = r - 10 + 10. What are the prime factors of s(7)?
7
Suppose -2*n + 6 = 2*z - 0*n, 5 = n. Let o = z + 4. List the prime factors of o.
2
Suppose 2 = 5*p - 3*y + 7, 0 = p - 2*y + 1. Let x be (2*6)/(p/(-2)). Let v = x - 15. What are the prime factors of v?
3
Let r(z) = -z**2 - 10*z - 12. Let f(q) = -q - 1. Let h(x) = 3*f(x) - r(x). Suppose -m - 2*m - 21 = 0. List the prime factors of h(m).
3
Let d(l) be the first derivative of l**5/60 - 3*l**4/8 - 2*l**3/3 + 2. Let k(a) be the third derivative of d(a). List the prime factors of k(7).
5
Let l(k) = k**3 + 7*k**2 - 6*k + 4. What are the prime factors of l(-4)?
2, 19
Let b = 16 - 12. Suppose -b*i + 5 = -7. What are the prime factors of i?
3
Suppose -5*k - 4 = -14. Let o(f) = 3*f**2 - 3*f + 1. What are the prime factors of o(k)?
7
Let y(i) = -i + 9. Let m be y(6). Let p(l) = l**3 - 2*l**2 + 3*l - 4. What are the prime factors of p(m)?
2, 7
Let p be 42/8 - (-6)/8. List the prime factors of (-175)/(-4) + p/24.
2, 11
Let m = -356 + 643. What are the prime factors of m?
7, 41
Let j(n) = -n**3 + 7*n**2 - 7*n + 5. Let o be j(6). Let c(w) = -18*w**3 + w**2 + w + 1. List the prime factors of c(o).
19
Suppose 0*h - 3*h = -6. Suppose 2*o + h*o - 12 = 0. What are the prime factors of o?
3
Suppose -5*p - 21 = 4, -3*h = p - 262. List the prime factors of h.
89
Let o be (2 + 1)/1*-1. Suppose -4*h = -b - 4*b - 17, 0 = 5*h - 15. Let q = b - o. List the prime factors of q.
2
Let w = 256 - 9. List the prime factors of w.
13, 19
Suppose 0 = -2*a - 0 + 6, 3*a - 21 = 4*d. Let c = d - -6. Suppose -c*b + 0*b = -15. List the prime factors of b.
5
Let g be 12/(-16) + (-142)/(-8). Suppose 5*u + g = 72. What are the prime factors of u?
11
List the prime factors of (-784)/(-6) + (-5)/(-15).
131
Let d(l) = l + 13. Let y be d(-11). Suppose 0 = 5*j + w + w - 19, y*j + w - 8 = 0. What are the prime factors of j?
3
Let s be 1*-3 + (-25 - -5). What are the prime factors of (-1)/((-3)/3) - s?
2, 3
Suppose 3*r - 15 = -2*t + 10, -3*t - 10 = -5*r. Suppose 5*n + 2 = -j, -r*j + 0*n + 135 = -4*n. What are the prime factors of j?
23
What are the prime factors of 10*1*15/6?
5
Suppose -3*r - 11 = -5*d - 6*r, -4*d + 28 = -4*r. Let h be 4 - (-2 + d - 1). Suppose -h*c - c + 16 = 0. List the prime factors of c.
2
Suppose -z - 41 = -g - 4*z, 0 = -3*g - 2*z + 109. List the prime factors of g.
5, 7
Suppose -4 = -2*l, -5*v - 4*l - l + 475 = 0. List the prime factors of v.
3, 31
Let i = 0 + 0. Suppose i*u = 3*u - 42. Let w = u + -8. What are the prime factors of w?
2, 3
Suppose -5*b + 4*d + 5 = 0, -b + 4*b = -3*d + 3. Let q = b + 1. Suppose -3*x + 4 = -q. List the prime factors of x.
2
Suppose 0*a = 5*a. Suppose 2 = 3*b - 7. Suppose a = -b*m - m + 16. What are the prime factors of m?
2
Let s = 8 - 6. Let a(l) = l**3 + 5*l**2 - 2*l + 4. Let j be a(-5). Suppose s = -k + j. List the prime factors of k.
2, 3
Let y(v) be the second derivative of 3*v**3/2 + v**2 + v. What are the prime factors of y(1)?
11
Suppose 8*y - 3*y = -95. Let k be -3 - (-2 + (-2 - 31)). Let i = y + k. List the prime factors of i.
13
Let a(b) = -b + 4*b + 49*b**2 + 1 - 46*b**2. What are the prime factors of a(-3)?
19
Let y(j) = 4*j - 3. Let k be y(2). Suppose i - 34 = -i + 4*m, -k*m = -2*i + 35. List the prime factors of i.
3, 5
Let f be 68/16 - 1/4. Suppose 0 = w - 2*z - 8, -3*w + 10 = -4*w - f*z. Suppose 0 = -4*s + w - 6, -44 = -2*x + 2*s. List the prime factors of x.
3, 7
Suppose 4*s + 4 - 20 = 0. Let i = s + 1. Let u = 12 - i. List the prime factors of u.
7
Let r(y) = -2*y**2 + 2*y + 2. Let d be r(3). Let x be (-76)/d - (-2)/5. Let b = x - 5. List the prime factors of b.
3
Let b be (-22)/(-6) + 2/(-3). Suppose -b*k + 3*s - 2 = 1, 5*s - 20 = 0. Suppose 19 = k*d - 3*j + j, -d - 2*j = -1. List the prime factors of d.
5
Suppose 6 = 4*q + 14. Let m be -1 - (-3 - q - 2). List the prime factors of 21/(4 - 3) - m.
19
Let k = 140 - 99. List the prime factors of k.
41
Suppose 3*u + 13 = -4*q, 1 = -3*u + 4*q - 4. What are the prime factors of u/(3/2) + 11?
3
Let p be (-34)/(-8) - (-1)/(-4). What are the prime factors of 480/35 + p/14?
2, 7
Let p(x) = x**3 + 5*x**2 - 7*x - 1. What are the prime factors of p(-6)?
5
Let c = 122 + -94. What are the prime factors of c?
2, 7
Let s = 48 + -13. Let c = 66 - s. List the prime factors of c.
31
Let l be (-2*1)/(1/31). Let p = l - -119. Suppose 17 = -5*i + p. What are the prime factors of i?
2
Let g = 64 + -106. What are the prime factors of (g/35)/(4/(-10))?
3
List the prime factors of 4*(76/16 + -1).
3, 5
Suppose 5*m - 7 = 3. Let h be m + (7 - -1 - 0). What are the prime factors of 144/10 - 4/h?
2, 7
What are the prime factors of ((-20)/4 - -3)/((-2)/139)?
139
Let a = -3 - 5. Suppose -x + 0*x = 14. Let i = a - x. What are the prime factors of i?
2, 3
Suppose 0*g - 664 = -4*g - 4*p, 4*g = -p + 655. List the prime factors of g.
163
Suppose -a - 17 = 3*a - 5*o, -8 = a - 2*o. What are the prime factors of 2*(3 - 2)*a?
2
Suppose 5*o - 21 = 2*o + 3*m, 45 = 5*o + 5*m. 